 is the highest common divisor of p and 104?
52
Let h(m) = 60*m - 221. Let d be h(5). What is the greatest common divisor of d and 1343?
79
Let b be 2/(4/3) + 85/34. Suppose 3*a - 203 = u, u + u = -b*a + 254. What is the greatest common divisor of 22 and a?
22
Suppose -75 = -2*m - 15. Let f = m + 12. Let w be 3/((-6)/14)*(-60)/70. What is the greatest common factor of f and w?
6
Let z = 1068 + -339. Calculate the greatest common divisor of z and 81.
81
Let p be ((-14)/8 - -1)*-28. Let u be 1095/6 + (-4)/32*-4. Let a be 6/p + u/21. Calculate the greatest common divisor of 36 and a.
9
Let q(u) = -u**2 - 6*u + 6. Let o be q(-6). Suppose b = o*b - 15. Suppose 0 = -b*m + 3, -3*m - 418 = -4*k - m. What is the greatest common divisor of k and 15?
15
Let p = -554 + 818. What is the highest common divisor of p and 6?
6
Let s(h) be the third derivative of -h**5/60 + 5*h**4/12 - 8*h**2. Let v be s(6). What is the highest common factor of 12 and v?
12
Let i = -38 - -29. Let n = -7 - i. Let x be 28/n + (-20 - -18). Calculate the greatest common divisor of x and 84.
12
Let o(t) = t**2 + 9*t + 14. Let j be o(-5). Let g be 100/24 - -3 - (-1)/j. Suppose -d - 77 = -2*d. Calculate the highest common divisor of g and d.
7
Let q be (4*(4 + -1))/((-180)/(-1200)). Calculate the highest common divisor of 10 and q.
10
Let u(y) = 165*y - 243. Let c be u(3). What is the greatest common factor of c and 27?
9
Suppose -255 = 8*r - 11*r. Let x = -38 - -55. What is the greatest common divisor of x and r?
17
Let r(i) = -3*i**3 - 4*i**2 - i - 6. Let q be r(-3). Calculate the highest common factor of 189 and q.
21
Suppose p + 32 - 28 = 0. Let n be (-2)/(p/6 + 20/48). Suppose -44 - 36 = -4*v. Calculate the highest common divisor of v and n.
4
Let m be ((-8)/(-4))/(-2) - -1. Suppose 2*c = -m*c. Let u be 13 + 5 - (c + 0). What is the greatest common factor of 144 and u?
18
Suppose 0*w - 5*w + 468 = 4*u, -3*w = 12. Let b = -94 + u. Let h(l) = l**3 - l**2 + 2*l - 1. Let x be h(2). Calculate the greatest common factor of b and x.
7
Suppose 3*a + 3*k = 4*a - 19, 2*a - 2*k - 58 = 0. Let n be (4 - 5)*(-16 + -1). Calculate the highest common divisor of a and n.
17
Let z = 75 + -27. Let b = -216 + 228. What is the highest common divisor of z and b?
12
Suppose -2192 = -10*g + 4608. What is the highest common factor of g and 30?
10
Let v = 548 - 303. Calculate the greatest common factor of 147 and v.
49
Suppose d - 5*l - 12 = 13, d = -l + 19. Suppose -d - 7 = -3*h. What is the greatest common factor of h and 72?
9
Suppose 4*x - 757 = -0*x + 5*p, -3*p - 379 = -2*x. Calculate the greatest common factor of 4 and x.
4
Suppose 0*m + 3*l + 51 = 4*m, -5*m - 5*l + 90 = 0. Let r be (22 - -109) + (-8)/(-2). What is the highest common factor of m and r?
15
Let y = -22 + 22. Suppose y - 18 = -2*s. What is the greatest common factor of 81 and s?
9
Let c = 238 - 118. Suppose -v - v = 4*g - 240, -2*g = -4*v - c. Suppose -4*z + g = z. What is the greatest common factor of 12 and z?
12
Let d = -4 - 19. Let a = 32 + d. Let b = -2 - -20. Calculate the highest common factor of a and b.
9
Suppose 4*p + 16 = 0, -3*k + 403 = p - 106. Calculate the highest common divisor of 45 and k.
9
Suppose 5*g + 1 = 11, -5*j + 5*g + 30 = 0. Let u be ((-90)/(-36))/((-10)/(-8)). Suppose u*w - 72 = -w. What is the highest common factor of j and w?
8
Let a be (-38)/703 + (-2820)/(-148). Calculate the highest common factor of 133 and a.
19
Suppose -4*z - z + 25 = 0. Let o be (-1)/(((-9)/624)/3). Suppose z*w + 4*v = 708, 2*v - o = 2*w - 502. Calculate the greatest common divisor of 16 and w.
16
Let r be (8/5)/(29/580). What is the highest common factor of r and 16?
16
Suppose 4*o = -3*y + 153, 3*o + 168 = 4*y - 36. Calculate the greatest common factor of y and 34.
17
Let j = -2078 + 2129. What is the greatest common divisor of j and 9?
3
Let k be 20 + -2 - (-1 + 1). Suppose -u + w = -17, 2*u + 2*w - 36 + 22 = 0. What is the greatest common divisor of u and k?
6
Let x(r) = -r - 2*r**2 - 7*r**2 + 21*r**2 - 9*r**2 + 18. Let h be x(-5). What is the highest common factor of h and 14?
14
Let t(u) = 8*u**3 - 14*u**2 + 2*u + 16. Let o be t(8). Calculate the greatest common factor of o and 101.
101
Suppose -z + 74 = -2*i - 49, -3*i = 5*z - 680. What is the greatest common divisor of 19 and z?
19
Let p(i) = 13*i**2 + 16*i - 13. Let n be p(-5). Calculate the highest common divisor of 8 and n.
8
Let v = -67 - -103. Suppose 5*p - v = -11. What is the highest common divisor of p and 1?
1
Let u = -45 + 38. Let k(o) = -o**2 - 10*o - 7. Let h be k(u). Let r(n) = n**2 - n - 17. Let a be r(h). Calculate the highest common divisor of 15 and a.
15
Let q be (-1842)/(-21) - (-2)/7. Suppose -5*m + 7 = 2*y, 0 = -y + 3*m + 27 - 7. Calculate the greatest common divisor of y and q.
11
Let g be 8/5 + 2/5. Suppose 0 = -g*h + 51 - 15. Let j = -12383 - -12395. Calculate the highest common factor of h and j.
6
Let r be ((-15)/2)/(39/(-78)). Calculate the highest common divisor of 15 and r.
15
Suppose 8 = -4*k - 0*k, -70 = -z + 2*k. Suppose 5*c - z = 2*c. Let j be (-135)/(-4) - 12/16. What is the greatest common divisor of c and j?
11
Let g = 17 - -36. Suppose 0 = -4*u + 55 + g. Suppose -3*j = w - 0 - u, 66 = 3*w + 4*j. What is the highest common factor of w and 45?
9
Let l be ((-9)/(-2))/(3/28). Let q be -2 + 149 - (1 - (-2 - -4)). Suppose -12*b + q = -104. Calculate the greatest common factor of l and b.
21
Let n = -22 + 6. Let j = n + 30. Calculate the greatest common divisor of j and 56.
14
Suppose 2*v = -6*d + 3*d + 89, -3*d + 83 = 5*v. Let n(a) = -a**3 - 6*a**2 - 12*a - 7. Let p be n(-8). What is the highest common factor of d and p?
31
Let y be 126/3 - 4*4/4. What is the highest common factor of 228 and y?
38
Suppose -5*w + 25 + 20 = 5*k, 0 = -w + 4. Suppose -k*s + 3*g + 133 = 0, -2*g + 48 = 2*s + 2*g. What is the highest common divisor of 234 and s?
26
Suppose 16 + 150 = 3*g + k, g - 34 = 5*k. Let l = 1519 - 1513. What is the greatest common divisor of g and l?
6
Let a be (-40)/3*45/(-4). Let h = 441 - 381. What is the highest common divisor of h and a?
30
Suppose 3*r + 30 = 840. What is the greatest common divisor of r and 30?
30
Let n = 103 + -52. Suppose q = -5*g + n, g = -g + 3*q + 34. Calculate the greatest common divisor of g and 44.
11
Suppose -18*l + 22*l + 16 = 0, d - 269 = -5*l. Calculate the greatest common divisor of 238 and d.
17
Let i = 13 - 13. Suppose -2*q + 37 = 3*d, d - q + 4*q - 10 = i. What is the highest common divisor of d and 26?
13
Let l(b) = -6*b**2 - b + 1. Let t be l(4). Let z = 139 + t. What is the highest common factor of 30 and z?
10
Suppose -249 = -5*u + 1. Suppose -6*n + u = -52. Calculate the greatest common divisor of 187 and n.
17
Let w(r) = r**2 + r + 8. Let s be w(0). Let n = 2637 + -2617. Calculate the highest common factor of s and n.
4
Suppose -3*d + 13 = -11. Let n(x) = -13*x**3 - 3*x**2 + 2. Let y be n(-1). Calculate the greatest common divisor of d and y.
4
Suppose 4*f - 107 = -5*r, -11 = f + 2*r - 40. What is the greatest common divisor of 115 and f?
23
Let t(h) = -30*h - 33. Let j be t(-14). Calculate the greatest common divisor of 344 and j.
43
Suppose -5*m = -6*t + 2*t + 41, -2*t + m + 13 = 0. Let c = 6 - t. Let z be 4/(3*c/147). Calculate the greatest common factor of z and 14.
14
Suppose 3*l + 396 = 9*l. Suppose 0*x + 5*x + t = -299, -x = 3*t + 57. Let y be 2/(-3) - x/9. Calculate the greatest common divisor of l and y.
6
Let y be -27 + 38 - 6/2. Calculate the greatest common factor of 20 and y.
4
Suppose -46*z = -599 - 91. What is the highest common factor of 1305 and z?
15
Suppose -5*a - 10 = 5*q, 5*q = 3*q + 8. Let w be (-86)/(-18) + a/(-27). What is the greatest common divisor of 2 and w?
1
Suppose -19*y + 27*y - 48 = 0. Calculate the greatest common divisor of y and 51.
3
Let m = 130 - 109. Suppose -2*g - 3 = -m. Calculate the highest common divisor of g and 18.
9
Let h = -110 + 180. Let t = -11 + 16. Suppose -55 = -t*d + 15. Calculate the highest common factor of h and d.
14
Let r be 3/(-1) + (2 - -2) + 639. Calculate the greatest common divisor of r and 10.
10
Let g be (-243)/405*(-290)/6. What is the greatest common divisor of 928 and g?
29
Suppose 3*s + r + 196 = 0, 0 - 5 = 5*r. Let j = -56 - s. 